tor of 36 and 2192?
4
What is the greatest common factor of 171 and 18?
9
Calculate the highest common divisor of 195 and 156.
39
What is the greatest common divisor of 4 and 2348?
4
Calculate the greatest common divisor of 98 and 637.
49
Calculate the greatest common divisor of 226 and 8.
2
Calculate the highest common divisor of 304 and 57.
19
Calculate the highest common divisor of 70 and 45.
5
Calculate the highest common divisor of 9056 and 32.
32
What is the greatest common factor of 117 and 78?
39
What is the highest common divisor of 165 and 435?
15
What is the greatest common factor of 260 and 247?
13
What is the highest common factor of 3597 and 33?
33
Calculate the highest common factor of 28 and 259.
7
What is the highest common factor of 3880 and 97?
97
Calculate the highest common divisor of 17 and 1513.
17
Calculate the highest common factor of 35 and 1645.
35
What is the greatest common factor of 63 and 5859?
63
What is the highest common divisor of 1909 and 299?
23
Calculate the greatest common divisor of 2 and 25.
1
Calculate the highest common factor of 60 and 810.
30
Calculate the greatest common divisor of 1 and 7968.
1
Calculate the greatest common divisor of 120 and 168.
24
Calculate the highest common divisor of 88 and 198.
22
What is the greatest common factor of 1144 and 39?
13
Calculate the greatest common factor of 7449 and 78.
39
Calculate the highest common divisor of 33 and 1991.
11
Calculate the greatest common divisor of 147 and 245.
49
Calculate the greatest common divisor of 1 and 9.
1
Calculate the greatest common divisor of 1023 and 132.
33
Calculate the highest common factor of 400 and 16.
16
What is the highest common factor of 20 and 3260?
20
Calculate the highest common divisor of 9 and 78.
3
Calculate the highest common factor of 55794 and 102.
102
What is the highest common divisor of 165 and 9515?
55
Calculate the highest common factor of 20223 and 189.
189
What is the greatest common factor of 20 and 10180?
20
Calculate the highest common divisor of 24 and 26904.
24
What is the highest common divisor of 20 and 60?
20
What is the greatest common factor of 611 and 104?
13
Calculate the greatest common divisor of 23 and 3841.
23
Calculate the highest common factor of 1350 and 39600.
450
What is the highest common divisor of 180 and 162?
18
What is the highest common factor of 70 and 8750?
70
What is the greatest common factor of 585 and 5?
5
Calculate the highest common factor of 37 and 148.
37
Calculate the highest common factor of 306 and 936.
18
Calculate the highest common factor of 28 and 714.
14
What is the highest common divisor of 5 and 5?
5
What is the greatest common divisor of 5 and 785?
5
Calculate the greatest common divisor of 25 and 15325.
25
What is the greatest common divisor of 44895 and 15?
15
What is the highest common factor of 7101 and 54?
27
What is the greatest common factor of 51 and 153?
51
What is the greatest common factor of 346 and 1730?
346
Calculate the highest common divisor of 123 and 19434.
123
What is the highest common divisor of 3444 and 84?
84
Calculate the highest common divisor of 9347 and 39.
13
What is the greatest common divisor of 168 and 5592?
24
Calculate the greatest common factor of 108 and 132.
12
Calculate the greatest common divisor of 14 and 2212.
14
Calculate the highest common divisor of 63 and 1071.
63
What is the highest common factor of 14 and 224?
14
Calculate the highest common factor of 23 and 64.
1
Calculate the highest common divisor of 772 and 2895.
193
Calculate the greatest common factor of 117 and 13338.
117
What is the highest common factor of 216 and 32?
8
What is the highest common divisor of 180 and 100?
20
What is the highest common divisor of 1870 and 990?
110
What is the highest common factor of 288 and 256?
32
What is the greatest common factor of 282 and 423?
141
Calculate the highest common factor of 136 and 102.
34
What is the greatest common factor of 72 and 22?
2
Calculate the highest common divisor of 90 and 576.
18
Calculate the highest common divisor of 260 and 2460.
20
What is the highest common divisor of 2198 and 14?
14
What is the greatest common divisor of 49 and 147?
49
What is the highest common divisor of 42 and 217?
7
Calculate the greatest common divisor of 8 and 36.
4
Calculate the greatest common divisor of 295 and 35.
5
What is the highest common factor of 255 and 4770?
15
Calculate the greatest common divisor of 91 and 112.
7
Calculate the greatest common divisor of 228 and 24.
12
What is the highest common factor of 8 and 56?
8
Calculate the greatest common divisor of 432 and 80.
16
Calculate the greatest common divisor of 800 and 20.
20
What is the greatest common divisor of 8 and 358?
2
Calculate the highest common factor of 92 and 1633.
23
What is the highest common divisor of 141 and 235?
47
What is the highest common divisor of 1377 and 17?
17
Calculate the greatest common factor of 64 and 496.
16
What is the greatest common factor of 651 and 2387?
217
Calculate the greatest common factor of 12 and 372.
12
What is the greatest common factor of 99 and 1617?
33
What is the greatest common factor of 40 and 160?
40
What is the greatest common divisor of 2 and 81?
1
What is the highest common factor of 5390 and 154?
154
What is the highest common factor of 13431 and 11?
11
Calculate the greatest common divisor of 310 and 730.
10
What is the greatest common divisor of 60 and 20?
20
What is the highest common divisor of 417 and 54?
3
Calculate the highest common divisor of 20 and 4930.
10
Calculate the highest common factor of 747 and 664.
83
What is the highest common factor of 45 and 585?
45
Calculate the greatest common factor of 1102 and 190.
38
What is the highest common divisor of 23310 and 185?
185
Calculate the greatest common divisor of 175 and 210.
35
What is the highest common divisor of 162 and 144?
18
What is the highest common divisor of 35 and 5789?
7
What is the greatest common divisor of 364 and 112?
28
What is the highest common divisor of 1771 and 231?
77
Calculate the highest common divisor of 2 and 4.
2
Calculate the highest common factor of 1717 and 101.
101
What is the greatest common factor of 4 and 2?
2
What is the highest common divisor of 3944 and 34?
34
Calculate the highest common divisor of 3782 and 366.
122
What is the highest common divisor of 105 and 6895?
35
Calculate the greatest common divisor of 1072 and 67.
67
What is the greatest common divisor of 228 and 8?
4
What is the highest common factor of 1386 and 224?
14
Calculate the greatest common factor of 2831 and 171.
19
What is the greatest common divisor of 132 and 1914?
66
Calculate the highest common factor of 16 and 688.
16
What is the highest common divisor of 1120 and 4960?
160
What is the highest common divisor of 12972 and 1104?
276
Calculate the highest common factor of 1312 and 41.
41
Calculate the highest common factor of 8 and 4184.
8
Calculate the highest common divisor of 6787 and 33.
11
What is the highest common divisor of 289 and 17?
17
What is the greatest common divisor of 164 and 2706?
82
What is the highest common factor of 48 and 7536?
48
Calculate the greatest common divisor of 4 and 15.
1
Calculate the highest common factor of 6298 and 268.
134
Calculate the highest common factor of 6700 and 100.
100
Calculate the greatest common divisor of 290 and 20.
10
Calculate the highest common factor of 12 and 219.
3
Calculate the highest common divisor of 6061 and 57.
19
What is the greatest common factor of 112854 and 42?
42
What is the highest common factor of 4066 and 38?
38
Calculate the highest common factor of 40 and 260.
20
Calculate the greatest common factor of 118 and 9558.
118
Calculate the highest common factor of 2880 and 90.
90
Calculate the greatest common divisor of 1295 and 63.
7
Calculate the highest common factor of 24 and 184.
8
What is the highest common divisor of 798 and 342?
114
What is the highest common factor of 3240 and 225?
45
Calculate the greatest common factor of 70 and 2030.
70
Calculate the greatest common divisor of 207 and 2599.
23
What is the highest common factor of 9 and 15?
3
Calculate the greatest common factor of 448 and 512.
64
Calculate the highest common di